5402. Suppose 11*q = -5*r + 8*q + 6137, 0 = 3*r - q - s. What are the prime factors of r?
5, 7
Suppose -23*c + 140469 + 56891 + 46394 = 0. What are the prime factors of c?
2, 7, 757
Suppose -53196 + 170040 = 6*i. Suppose i = 45*k - 3521. List the prime factors of k.
7, 73
Let a(f) = -f**3 - 3*f**2 - 5*f - 29. Let q(t) = 11*t + 12. Let p be q(2). Let y = p - 40. List the prime factors of a(y).
109
Let y be 68 - 1 - (-1 + 3 + -1). Suppose 21 - y = -5*p. Suppose 7*u = p*u - 114. What are the prime factors of u?
3, 19
Let x = 55 + -50. Suppose -s = x - 1, 4*s = 2*j - 3374. List the prime factors of (1 - -5)*j/46.
3, 73
Suppose 105 = 5*r - 115. Let z = r - 30. List the prime factors of z.
2, 7
Suppose q - 3*q - 2930 = -4*p, -4*p = -5*q - 2915. Suppose -6609 - p = -34*a. What are the prime factors of a?
2, 3
Let z = 75 - 1251. Let w = -741 - z. What are the prime factors of w?
3, 5, 29
Suppose -3*l = 5*t - 24575 - 52547, 0 = -5*t + 4*l + 77164. What are the prime factors of t?
2, 7, 19, 29
Let t be (5/2 - 1)*(-416)/(-39). Suppose -3*v - 3 = 0, d = t*v - 14*v + 232. List the prime factors of d.
2, 5, 23
Suppose 15*j - 19578 = 9042. Suppose 0 = -4*r - 4*m + j, 11*r - 7*r - 1916 = 4*m. List the prime factors of r.
2, 239
What are the prime factors of (-25429)/(-3) - (8/24 - 1)?
7, 173
Suppose 42766 = 3*t + 4*q - 59238, -4*t + 5*q + 136057 = 0. What are the prime factors of t?
2, 3, 13, 109
Let a(g) = -4*g**2 + 34*g + 16. Let z be a(9). List the prime factors of (-1845)/10*z + 5.
2, 11, 17
Let y(v) = -2*v - 8. Let j be y(-6). Let w be (-3)/(36/(-6)) + (-1354)/j. Let s = -241 - w. What are the prime factors of s?
97
Let r = -35846 - -56488. List the prime factors of r.
2, 10321
Let b(s) be the second derivative of -20/3*s**3 - 33/2*s**2 + 0 + 7*s. What are the prime factors of b(-5)?
167
Let d(h) = -h**2 + 11*h + h - 4*h + 19. Let v be d(10). Let a(m) = 9*m**2 + m + 2. What are the prime factors of a(v)?
2, 5
Suppose -3*z = -106 + 97. Let y(d) = -5*d + 7. Let b be y(-12). List the prime factors of 1*(-1 + z) + b.
3, 23
Suppose 99 = -2*i + 103. Suppose -i*r + 385 = -53. List the prime factors of r.
3, 73
Let a = -14124 - -29087. List the prime factors of a.
13, 1151
Let v = 579 - 210. Let m = 465 - v. What are the prime factors of m?
2, 3
Let l(r) = -9*r**2 - 12*r - 1. Let m be l(-5). Let b = m - -545. List the prime factors of b.
379
Let i(t) = t**3 + 100*t**2 - 682*t + 65. List the prime factors of i(-98).
3, 28703
Let k be (-79)/((4/(-24))/(3/9)). List the prime factors of -1*k*(18 + -20).
2, 79
Let g = 207 + -205. Suppose 4*i = g*s + 280, -i - 2*s = -24 - 46. List the prime factors of i.
2, 5, 7
Suppose -3966 = -g + 15533 - 4204. What are the prime factors of g?
5, 7, 19, 23
Suppose -5*s + 43900 = 5*l, 5*l - 16758 = -3*s + 27138. List the prime factors of l.
2, 3, 7, 11, 19
Let b = 69082 + -37650. List the prime factors of b.
2, 3929
Suppose 5*f - 13*f + 656 = 0. Let y be 7/((-35)/(-3)) - f/(-5). Suppose -13*m - 272 = -y*m. What are the prime factors of m?
2, 17
Let g = 12299 - 8570. What are the prime factors of g?
3, 11, 113
Let x be (-5)/15 + 8/6. Let o(l) = -4*l**2 + 3*l - 3. Let r be o(x). What are the prime factors of (1 + r/8)*182?
7, 13
Let h(y) be the second derivative of 5*y**3/3 + 20*y**2 + 25*y - 3. List the prime factors of h(7).
2, 5, 11
Suppose -21 = -3*q - 4*q. Suppose -3*b - 1088 = -2*f, -2*b - 1169 = -q*f + 468. What are the prime factors of f?
547
Let k = 632 + -630. Suppose 0 = 5*c - 5*h - 805, k*c - 2*h + 155 = 3*c. List the prime factors of c.
3, 53
Let g(d) = -17*d - 27. Let k(b) = -b**2 + 21*b - 103. Let m be k(5). What are the prime factors of g(m)?
2, 7, 13
Suppose 0 = 31*p - 29*p - 10. List the prime factors of 3428/p + (-18)/(-45).
2, 7
List the prime factors of 16/14 - (-67175075)/2975.
3, 13, 193
What are the prime factors of 4027 - (-1 + 2) - (-15)/(-75)*-30?
2, 3, 7
Let j(g) be the first derivative of -g**4/4 - 13*g**3/3 + 45*g**2/2 + 56*g + 116. What are the prime factors of j(-18)?
2, 433
Suppose -4*z = -4*w - 10*z + 128606, 0 = -3*w + 3*z + 96387. List the prime factors of w.
2, 16069
Let z(x) = 239*x - 124. Suppose 0 = 79*h - 69*h - 30. List the prime factors of z(h).
593
Let i be 1/((-4461)/(-8934) + (-1)/2). Let c = i - -2087. Suppose -4*y + c = 2*m, -4*m + 138 = y - 29. What are the prime factors of y?
3, 7
Let y(l) = 30*l**3 - 13*l**3 - 8*l**2 + 10*l - l**3 + 14 - 4*l. What are the prime factors of y(4)?
2, 467
Let g(x) be the second derivative of -61/3*x**3 + 2*x + 2 + 3*x**2. List the prime factors of g(-2).
2, 5
Let j = -6 - -4. Let t = 228 - 197. Let y = t + j. What are the prime factors of y?
29
Suppose -6*h - 49 = -73. Suppose -d - h*b = -294 - 66, 5*b - 705 = -2*d. What are the prime factors of d?
2, 5, 17
Let g(a) = -41*a**2 - 5. Let k be g(-2). Let z = 30 - k. Let n = -91 + z. What are the prime factors of n?
2, 3
Let l(t) = 28*t**2 + t. Let c(m) = 85*m**2 + 3*m. Let b(f) = 4*c(f) - 14*l(f). Let n be b(-1). List the prime factors of n/(-4)*96/8.
2, 3, 5
Let c(y) = 9*y**3 + 2*y**2 - 17*y - 1. Let q be c(5). Suppose 15*i = -q + 16224. List the prime factors of i.
1009
Suppose 377541 - 49026 = 15*l. What are the prime factors of l?
11, 181
Suppose 5*v = -3*r - 0 - 4, -11 = 5*r + 4*v. Let l(m) = -51*m - 25. Let c(y) = 101*y + 47. Let h(p) = -4*c(p) - 7*l(p). What are the prime factors of h(r)?
2
Suppose 27 - 3 = 3*c. Let u be c/6*(10 - 28/4). Suppose -u*i - i + 255 = 0. List the prime factors of i.
3, 17
Let q = 29742 - 3478. What are the prime factors of q?
2, 7, 67
Let j(u) = -u**2 + 233*u - 7119. List the prime factors of j(122).
3, 2141
Let b(h) = -229*h**3 + 6*h**2 + 5*h + 41. What are the prime factors of b(-6)?
17, 37, 79
List the prime factors of 7801 + ((-11)/(22/(-12)) - 9).
2, 7, 557
Suppose 4*v - 2*w = 78170, v - 9*w - 19541 = -10*w. List the prime factors of v.
2, 3, 3257
Suppose 4*q = -4*i + 180, i - 28 = -5*q + 17. Suppose -d + 5*n = -162 - i, -5*d = 3*n - 1063. List the prime factors of 10/(15/(-3)) + d/2.
2, 13
Let n be (-72549)/(-63) - 12/21. What are the prime factors of n - 6/18*21?
2, 11, 13
Suppose 0 = 2*x - 4*b - 11860, -16247 = -5*x - b + 13414. What are the prime factors of x?
2, 1483
Let i(a) = 8 - 5 + 7 - 22*a. Suppose -2*v + 5*p + 33 = -6*v, -2*v - 3*p - 19 = 0. List the prime factors of i(v).
2, 3
Suppose 2*v + 22 = 14, 3*o = 2*v + 4868. Suppose 38*s - o = 34*s. List the prime factors of s.
3, 5
Let a(i) = -i**3 - 3*i**2 - 7*i + 5. Let s(r) = r**3 + 5*r**2 + 8*r - 2. Suppose -28 + 2 = 13*u. Let v be s(u). List the prime factors of a(v).
5, 31
Suppose -9910412 + 24556243 = 297*i - 9516901. What are the prime factors of i?
2, 11, 43
Let a be ((-353)/21 - (-3)/21)*-6. Suppose 4*t + 5 = m, -4*m + a = -t + 5*t. List the prime factors of m.
3, 7
Let p = -57 + 72. Let i(t) = 2*t + 8 - 3*t + p + 8*t. List the prime factors of i(10).
3, 31
Suppose 0 = 1066*g - 1059*g - 14. Suppose -15 = 5*d, -g*l + 8*d = 4*d - 2036. What are the prime factors of l?
2, 11, 23
Let j(q) = -q**3 + 12*q**2 + 8*q + 34. Let v be j(14). Let k = 349 + v. List the prime factors of (k/(-2))/(1/(-2)).
103
Let h(m) = -m + 7. Let z be h(6). Let f(o) = 443*o**3 + 2*o**2 - 4*o + 3. What are the prime factors of f(z)?
2, 3, 37
Suppose 55323 + 11205 = 14*u. What are the prime factors of u?
2, 3, 11
Let b(v) = 7*v**2 - 4*v - 7. Let h be b(5). Let i be 3/18 + 74*23/(-276). What are the prime factors of (h/i)/((-32)/336)?
7, 37
Suppose 32*c - 27*c = 4245. Let f = c + -472. What are the prime factors of f?
13, 29
Suppose -3*f = -5*y - 24, -4*f + y + 16 = 1. Suppose 0 = -0*k - 3*k - 5*i + 3159, -f*i - 9 = 0. What are the prime factors of k?
2, 23
Suppose -v + 4*x + 7955 = 0, -5*v + 39895 = 19*x - 24*x. What are the prime factors of v?
7, 163
Suppose 0 = -4*g + 2*u + 62, -g - 44 = -4*g - u. What are the prime factors of 128 - -2 - 105/g?
3, 41
Suppose -372*z + 380*z = 44712. What are the prime factors of z?
3, 23
Let j = -113 - -75. Let u be 3/(-6)*1 - j/4. Suppose -2*k - u + 15 = 0. List the prime factors of k.
3
Let w be ((-4 - 46) + 4)*(-2)/4. Suppose 12*q - 13 = w. List the prime factors of (-2 + q)*111 - 2.
109
Let t = -21 - -30. Suppose 1 + t = 2*q. Suppose -3*i = q*i - 136. List the prime factors of i.
17
Let k(y) =